u - 63*u - 828. What is the remainder when u is divided by 9?
3
Let n = -115 + 153. Let y be (1 - -45)/((-4)/(-2)). Let u = n - y. What is the remainder when 43 is divided by u?
13
Suppose -42 = -30*t + 23*t. Suppose 0 = 2*v - 5*i + t*i - 19, 0 = 5*v + 5*i - 35. Let a = 235 + -165. Calculate the remainder when a is divided by v.
10
Let v = 721 + -382. Calculate the remainder when v is divided by 374/17 - (1 + 1).
19
Suppose 0 = -9*i + 48 + 60. Suppose i*p - 135 = 11*p. Calculate the remainder when p is divided by 36.
27
Suppose -8*g + 51 = 11. Suppose g*s - k = 2*s + 20, -5*k + 19 = 2*s. Suppose 0 = -5*u - 0*u + 240. What is the remainder when u is divided by s?
6
Let c = -312 - -270. Calculate the remainder when 19 + 11/(77/c) is divided by 3.
1
Suppose 0 = 4*d + 4*k - 952, 243 = -30*d + 31*d + 2*k. Calculate the remainder when 483 is divided by d.
17
Let g be (-12)/(-6) + 6/2. Suppose g*x = 40 - 170. Let c = 39 + x. What is the remainder when 24 is divided by c?
11
Let y = 3429 + -3305. Calculate the remainder when 641 is divided by y.
21
Suppose j - 12*v = -8*v + 754, 0 = 2*j + 3*v - 1574. What is the remainder when j is divided by 13?
11
Suppose f - 103 = 3*d, 4*f + 2*d + 3*d - 480 = 0. Calculate the remainder when f is divided by 2 + (-9)/6 - (((-3395)/70 - -29) + 11).
7
Suppose o = 5*o - 4*w - 188, -92 = -2*o + w. Suppose 0 = -7*i + 2*i + o. Suppose 0*s + 4*s = -k + 4, 3*s = -i. Calculate the remainder when k is divided by 4.
0
Suppose -3*c + 4*w + 15451 = 0, -2*c - 5162 = -3*c - w. Calculate the remainder when c is divided by 29.
24
Suppose -3*h = 2*p - 269, 0 = 3*p - 2*p - 4. Let o = -113286 - -113459. Calculate the remainder when o is divided by h.
86
Suppose 157*w = -113*w + 4320. What is the remainder when 3183 is divided by w?
15
Let z(j) = 397*j - 765. Let v = -106 + 170. Let u = v - 46. What is the remainder when z(2) is divided by u?
11
Let m = 14845 + -14843. Suppose 0 = h - 6*h + 45. Let s = h + -8. Calculate the remainder when m is divided by s.
0
Let c be (105/28)/(6/40). Suppose 30*g - c*g = 245. Calculate the remainder when g is divided by 37.
12
Let l = 25 - 24. Suppose p + l - 2 = 0, -5*i = -5*p - 10. Suppose i*b + 16 = 103. Calculate the remainder when b is divided by 16.
13
Let u(q) = 5*q - 8*q + 20*q**2 + 4*q - 9 + q. Let j be u(3). Suppose 5*y - 32 = -3*l + j, 337 = 4*l - 5*y. Calculate the remainder when l is divided by 41.
37
What is the remainder when 322 is divided by 3/(-5) - (-3 - 1344/15)?
46
Suppose -3*a + 109 - 16 = 0. What is the remainder when 388/(-28)*(-46 + (-4 - -43)) is divided by a?
4
Calculate the remainder when 564 is divided by 6*(2/10)/((-16)/(-2120)).
87
Calculate the remainder when 6204 is divided by (99/55)/(1090/(-100) + 11).
12
Suppose p - 227 = 101. Suppose -p = -8*n + 288. Calculate the remainder when 145 is divided by n.
68
Let c = 161 - 167. Calculate the remainder when (c/(-4))/(-3 + 321/106) is divided by 8.
5
Let j = -4741 + 4975. Calculate the remainder when j is divided by 102.
30
Let r(m) be the second derivative of 2*m**3/3 - 23*m**2/2 + 9*m. Let h be r(7). Calculate the remainder when 86 is divided by (23 - (-1 - 1)) + h.
26
Suppose 0 = -5*o + 4*c + c + 3400, -2*o + 1368 = 2*c. What is the remainder when o is divided by 223?
13
Suppose -4*c + 12 = 32, 3*t = 2*c - 8. Let b(a) = 4*a**2 + 12*a + 4. Calculate the remainder when b(t) is divided by 13.
11
Suppose -183*o + 59*o = -80*o - 2332. Calculate the remainder when 1003 is divided by o.
49
Let z(o) = o**3 + 24*o**2 + 2*o + 83. Suppose 4*j + 65 + 31 = 0. Calculate the remainder when 135 is divided by z(j).
30
Let w = 1 + 1. Suppose 0*g + b + 625 = 4*g, -2*b = -g + 151. Let t = 160 - g. What is the remainder when t is divided by w?
1
Suppose 10*i - 2279 = -9*i - 1937. What is the remainder when 27753 is divided by i?
15
Let x = -59 + 51. Let b be (2/(x/(-20)))/((-4)/40). What is the remainder when 14 is divided by (b/4 + 5)*4/(-5)?
2
Suppose -13*x - 362 = -15*x + 4*k, -k - 182 = -x. Calculate the remainder when x is divided by 31.
28
Suppose 1130*q - 5100 = 1110*q. What is the remainder when q is divided by 32?
31
Suppose -9*b - 59*d + 1366 = -57*d, -3*b - 5*d = -451. Calculate the remainder when 928 is divided by b.
16
Suppose -160 + 529 = r. Suppose -c = 4*x + 2*c - r, 5*x - c = 447. What is the remainder when x is divided by 33?
24
Suppose -32 = -2*d - 5*w, 4*d - w - 44 = 2*d. Suppose d = -5*j + 8*j. What is the remainder when 28 is divided by (j - 4/1) + 13?
12
Let i(u) = 4*u + 19. Let d be i(-7). Let a = -63 + 85. What is the remainder when 2/d + 1461*6/81 is divided by a?
20
Let i = 116 + -114. Let u be (2 - 1)*(-2 + i)/3. Suppose -5*f + 3*m + 111 = u, -2*f + f - 4*m = -13. Calculate the remainder when 40 is divided by f.
19
Suppose -4*x + 3*c = 363, -5*x + 4*c - 216 - 237 = 0. Let a = x - -118. What is the remainder when (14/5)/((-6)/(-105)) is divided by a?
24
Calculate the remainder when -15*18/189*7*(-120 + -1) is divided by 241.
5
What is the remainder when 272 is divided by (2 - 144/(-15))/(17/85)?
40
Let d(z) = z**3 - 11*z**2 - 8*z + 203. Calculate the remainder when d(11) is divided by 90.
25
Suppose 15 = -3*v, -25*v = 10*r - 24*v - 64945. What is the remainder when r is divided by 38?
35
Suppose -2*y = -q + 34, 4*q - y + 0*y - 136 = 0. Calculate the remainder when q is divided by 23 + 4 + -6 - (-2 - -3).
14
Suppose 5785 + 20 = 45*k. Suppose n = -5*t + 39, -n + 6*n = 5*t + 75. What is the remainder when k is divided by n?
15
Suppose 12*v - 1348 = -736. Calculate the remainder when v is divided by (4 - 15)/(1 - (-2 - -4)).
7
Suppose 2*k - 108 = 6*k. Let m = 43 + k. Calculate the remainder when m is divided by (-5)/((-10)/(-8)) + 38 + (-43 - -12).
1
Suppose 3*w = 5*d + 4867, 5*w + 11*d - 8149 = 14*d. What is the remainder when w is divided by 39?
35
Suppose 0 = -4*u + 5*z + 70, 220*u - 4*z + 22 = 222*u. What is the remainder when 1107 is divided by u?
12
Suppose 0 = -23*z - 67*z + 24390. What is the remainder when z is divided by 267?
4
Calculate the remainder when 18645 is divided by ((-11529)/(-305))/((-6)/(-20)).
123
Suppose 66 = 13*k - 0*k + 1. Calculate the remainder when 457 is divided by k.
2
Let d = 238 + -233. Calculate the remainder when 471 is divided by ((-215)/d*(-2 - -1))/1.
41
Suppose -6*x = -25*x + 14763. Suppose -m - 20*m = -x. What is the remainder when 702 is divided by m?
36
Suppose 0 = 7*k + 9*k - 32. What is the remainder when 347 is divided by (k + (-423)/(-6))*4/5?
57
Let q be 9/1 - 60/12. Suppose 0 = -4*a - 8, -3*n = -q*n + a + 39. What is the remainder when 108 is divided by n?
34
Let z be (-11 - -1)*3/(-6). Let s be 9*z/30*2. What is the remainder when 73 is divided by (10*(5 - s))/(3 + -2)?
13
Suppose 0*v + 2*v = 544. Let i = -114 + 166. Suppose 0 = 4*a - v + i. What is the remainder when a is divided by 15?
10
Suppose 5*d - 18*h = -14*h + 99, 0 = -d - h + 18. What is the remainder when 24*(-5)/((-15)/33) is divided by d?
17
Suppose 45*y - 26341 - 50 = 14784. Calculate the remainder when y is divided by 297.
24
Let z = 561 - -3617. What is the remainder when z is divided by 22?
20
Suppose -2*h = 3*b + 16, 3*b + 18 = 6. Let u(s) = -13*s - 23. Let x be u(h). What is the remainder when 23 is divided by (x/(-9))/(6/(-144))?
7
What is the remainder when ((-15)/(-15))/((-5)/80)*(-517 + 3) is divided by 121?
117
Let f(w) = -792*w - 2021. What is the remainder when f(-5) is divided by 108?
103
Suppose j + 18 - 933 = 0. Let s = 26 - -15. Calculate the remainder when s is divided by 4/6 + j/45.
20
Suppose -5*n = -3*n - k - 42, -n - 2*k + 31 = 0. Suppose 2*m - 2*w = 13 + n, 4*w = -m + 23. What is the remainder when 64 is divided by m?
7
Suppose 4*z - 162 = -3*w, z + 4*w + 109 = 4*z. Suppose -6*n + 105 + z = 0. Calculate the remainder when 334 is divided by n.
22
Suppose -y + 187 = 2*s + 2*y, y - 359 = -4*s. Calculate the remainder when s is divided by (-1)/(55/99)*(-80)/6.
17
Suppose 0 = -2*w - 17 + 27. Suppose -6*b - 2*d = -w*b - 213, d = 3*b - 618. What is the remainder when b is divided by 70?
67
Suppose 5*x - 11340 = 2*s + 6249, 3*s = -3*x + 10566. Calculate the remainder when x is divided by 88.
87
Suppose -23 = -427*i + 426*i - 3*k, -3*i - k + 117 = 0. What is the remainder when i is divided 